osite?
False
Is 359143 prime?
True
Is 20437619 a prime number?
True
Is 8688991 composite?
False
Is 59591503 composite?
False
Is 56825107 a composite number?
False
Is 78913645 a composite number?
True
Is 3352823 a composite number?
True
Is 104743 a prime number?
True
Is 355657 composite?
True
Is 11096009 a prime number?
False
Is 5385959 a prime number?
True
Is 119584411 a prime number?
True
Is 6540673 prime?
True
Is 4878281 a composite number?
False
Is 50251277 a composite number?
False
Is 1918927 a composite number?
True
Is 9092107 prime?
False
Is 4903783 composite?
False
Is 49695799 prime?
True
Is 127135643 composite?
False
Is 16725653 a composite number?
True
Is 475331965 prime?
False
Is 21739117 composite?
True
Is 3843097 a prime number?
True
Is 12285569 a prime number?
False
Is 16146121 a composite number?
False
Is 6182857 prime?
False
Is 47545441 composite?
True
Is 355297 a composite number?
False
Is 117497 composite?
False
Is 164473 composite?
True
Is 504714527 a composite number?
False
Is 2267701 composite?
False
Is 1775197 composite?
True
Is 1450789 a prime number?
False
Is 712033 composite?
True
Is 736042 composite?
True
Is 19411997 composite?
True
Is 11734429 prime?
False
Is 43427347 a composite number?
False
Is 80504483 a composite number?
False
Is 352911597 a composite number?
True
Is 2856718 a prime number?
False
Is 5034619 prime?
False
Is 23922029 a composite number?
True
Is 33472003 composite?
True
Is 174047179 prime?
False
Is 15423047 composite?
False
Is 33671513 prime?
False
Is 655637 a prime number?
True
Is 88366235 composite?
True
Is 57930401 a composite number?
False
Is 44753 a prime number?
True
Is 988699 composite?
True
Is 632134 a prime number?
False
Is 82264849 a prime number?
False
Is 635953 composite?
True
Is 8512421 composite?
False
Is 16101559 a prime number?
False
Is 7634437 a prime number?
True
Is 15795943 prime?
True
Is 23224531 prime?
False
Is 9770554 a prime number?
False
Is 95815777 a composite number?
False
Is 432586443 a prime number?
False
Is 7393499 composite?
False
Is 25409723 composite?
False
Is 39314579 composite?
False
Is 16405295 composite?
True
Is 270259601 a composite number?
True
Is 1020073 a prime number?
False
Is 43526179 a composite number?
False
Is 4110697 a prime number?
False
Is 6210863 a prime number?
True
Is 168194867 composite?
True
Is 1996061 a prime number?
True
Is 310855 a composite number?
True
Is 3224755 composite?
True
Is 35150699 prime?
True
Is 100047322 a composite number?
True
Is 36519359 prime?
False
Is 8638961 prime?
False
Is 74218411 composite?
True
Is 429379 composite?
True
Is 4526581 composite?
True
Is 820783 a prime number?
False
Is 61859605 composite?
True
Is 594809 a prime number?
False
Is 2180677 composite?
False
Is 46601691 a prime number?
False
Is 66223867 composite?
False
Is 11577827 a composite number?
False
Is 93802391 composite?
False
Is 707851 a prime number?
False
Is 3803169 prime?
False
Is 685427 a prime number?
True
Is 102093371 composite?
False
Is 286103459 a composite number?
False
Is 25410743 a prime number?
True
Is 8105771 a prime number?
True
Is 10813667 composite?
False
Is 1744991 a composite number?
False
Is 24670439 a composite number?
False
Is 3619159 prime?
True
Is 1186453 prime?
False
Is 5111089 prime?
True
Is 600453629 prime?
True
Is 193748939 composite?
False
Is 80750203 a composite number?
False
Is 4854833 prime?
True
Is 45712789 composite?
False
Is 97756955 a prime number?
False
Is 21157033 composite?
True
Is 50800951 a composite number?
True
Is 4886303 a prime number?
True
Is 75409159 a prime number?
False
Is 515087 a composite number?
False
Is 16406057 composite?
False
Is 11196593 composite?
True
Is 737020078 prime?
False
Is 139591769 a composite number?
False
Is 5182313 a composite number?
False
Is 6767153 composite?
False
Is 1031663 a composite number?
True
Is 4297049 a prime number?
False
Is 394920701 a composite number?
True
Is 881235911 prime?
True
Is 7088231 composite?
False
Is 440159 composite?
False
Is 15540757 prime?
True
Is 7062071 prime?
True
Is 20183929 a composite number?
False
Is 18193781 prime?
True
Is 8749417 a composite number?
False
Is 10299637 a prime number?
False
Is 5044877 prime?
True
Is 78104605 a prime number?
False
Is 21661781 prime?
True
Is 866786 a composite number?
True
Is 121371577 composite?
False
Is 14302349 composite?
False
Is 5460761 a composite number?
True
Is 3045421 a prime number?
True
Is 2893351 a composite number?
False
Is 29226961 a prime number?
False
Is 1532231 prime?
True
Is 1236307 composite?
False
Is 1097977 a prime number?
False
Is 111172463 composite?
False
Is 14227693 a prime number?
False
Is 40066583 composite?
True
Is 2579513 composite?
False
Is 15953291 a composite number?
False
Is 37379 a prime number?
True
Is 107309 composite?
False
Is 241424107 a composite number?
False
Is 95964509 composite?
True
Is 40804243 composite?
False
Is 61459 composite?
True
Is 33189578 prime?
False
Is 51067027 a composite number?
True
Is 395968627 prime?
True
Is 120330123 a prime number?
False
Is 1488083 a composite number?
True
Is 39329879 composite?
True
Is 25116457 prime?
True
Is 32389145 composite?
True
Is 87379 a composite number?
True
Is 258987931 prime?
True
Is 164658049 prime?
True
Is 48682879 a prime number?
False
Is 10187257 composite?
True
Is 580969 prime?
True
Is 12396533 prime?
True
Is 1586219 composite?
True
Is 12288469 a composite number?
True
Is 742249 composite?
True
Is 22825291 a prime number?
False
Is 159974257 a prime number?
True
Is 47704427 a composite number?
False
Is 9307897 composite?
False
Is 53712443 composite?
True
Is 37904549 a composite number?
True
Is 1847144929 a prime number?
False
Is 117857 a composite number?
True
Is 379752757 composite?
False
Is 1908937 a prime number?
False
Is 19971943 a composite number?
False
Is 6425863 prime?
True
Is 1446719 composite?
False
Is 33689143 prime?
True
Is 12047953 prime?
False
Is 825863 prime?
False
Is 111391967 composite?
True
Is 1064587 composite?
False
Is 576001 composite?
False
Is 9150121 a composite number?
False
Is 6457859 a prime number?
True
Is 49598699 composite?
False
Is 14498287 composite?
False
Is 3261317 composite?
False
Is 859003 a prime number?
True
Is 5028911 composite?
False
Is 17279489 composite?
True
Is 9816269 a prime number?
False
Is 251609 prime?
True
Is 381971 a composite number?
True
Is 93820559 prime?
False
Is 47094731 prime?
False
Is 82048385 prime?
False
Is 39136169 a prime number?
True
Is 533214901 prime?
False
Is 118248931 a prime number?
True
Is 10198943 a composite number?
False
Is 2154611 composite?
False
Is 2767819 composite?
True
Is 2421893 prime?
True
Is 61379 a prime number?
True
Is 181786777 a prime number?
True
Is 116989 prime?
True
Is 197307203 prime?
False
Is 14003617 prime?
False
Is 34261393 a composite number?
True
Is 435864893 composite?
False
Is 157613387 prime?
True
Is 52978873 composite?
True
Is 2476229 composite?
True
Is 16537337 prime?
False
Is 52434895 a prime number?
False
Is 1538447 composite?
True
Is 463236259 a composite number?
True
Is 310812487 composite?
False
Is 745865 prime?
False
Is 1442269 prime?
False
Is 351631433 a composite number?
False
Is 19768549 prime?
True
Is 4868681 a prime number?
False
Is 6566767 composite?
False
Is 471777223 a prime number?
True
Is 6291361 a composite number?
True
Is 39559529 a composite number?
False
Is 2259739 prime?
True
Is 1362529 a composite number?
True
Is 1260013 prime?
False
Is 8387039 a prime number?
False
Is 1222789 prime?
True
Is 210681719 a prime number?
True
Is 6440771 a prime number?
True
Is 14317513 composite?
True
Is 333608927 prime?
True
Is 138361 prime?
False
Is 16058195 prime?
False
Is 50941961 a composite number?
True
Is 212501099 prime?
False
Is 226169429 composite?
False
Is 3167081 prime?
True
Is 100601771 a prime number?
False
Is 647351 a composite number?
True
Is 339872453 a prime number?
True
Is 10871605 prime?
False
Is 1418353 composite?
False
Is 38039 a composite number?
False
Is 74956835 composite?
True
Is 1452709 a prime number?
True
Is 160610167 composite?
False
Is 33712367 prime?
False
Is 31086529 prime?
True
Is 1465907 composite?
True
Is 379466 prime?
False
Is 5541599 composite?
True
Is 21800837 a prime number?
False
Is 330